{"id":2,"date":"2025-01-03T23:49:44","date_gmt":"2025-01-03T23:49:44","guid":{"rendered":"https:\/\/seripigari.org\/home\/seripigari\/public_html\/?page_id=2"},"modified":"2025-01-08T12:53:01","modified_gmt":"2025-01-08T12:53:01","slug":"sample-page","status":"publish","type":"page","link":"https:\/\/seripigari.org\/?page_id=2","title":{"rendered":"Qui\u00e9nes somos"},"content":{"rendered":"\n<p>Somos una asociaci\u00f3n civil sin fines de lucro dedicada a la atenci\u00f3n no m\u00e9dica de pacientes ind\u00edgenas amaz\u00f3nicos que son referidos a los hospitales de las ciudades de Cusco, Lima y Quillabamba.<\/p>\n\n\n\n<p>\u00abSeri\u00bb, en el idioma matsigenka (Arawak), quiere decir \u00abtabaco\u00bb, una planta maestra de la Amazon\u00eda. \u00abSeripigari\u00bb, es la persona que cura con el tabaco, en otras palabras, es el sanador tradicional del pueblo ind\u00edgena amaz\u00f3nico matsigenka.<\/p>\n\n\n\n<p>Nuestra organizaci\u00f3n, est\u00e1 conformada por personas comprometidas con la gente ind\u00edgena amaz\u00f3nica, adem\u00e1s de ser conocedoras de la cultura ind\u00edgena local y del sistema de salud p\u00fablico y privado.<\/p>\n\n\n\n<p>La composici\u00f3n \u00e9tnica de \u00abSeri\u00bb, es doble: mestizos castellanohablantes e ind\u00edgenas amaz\u00f3nicos matsigenka. Juntos, somos un prop\u00f3sito: acompa\u00f1ar a la gente ind\u00edgena que llega a los hospitales citadinos.<\/p>\n\n\n\n<p><\/p>\n","protected":false},"excerpt":{"rendered":"<p>Somos una asociaci\u00f3n civil sin fines de lucro dedicada a la atenci\u00f3n no m\u00e9dica de pacientes ind\u00edgenas amaz\u00f3nicos que son referidos a los hospitales de las ciudades de Cusco, Lima y Quillabamba. \u00abSeri\u00bb, en el idioma matsigenka (Arawak), quiere decir \u00abtabaco\u00bb, una planta maestra de la Amazon\u00eda. \u00abSeripigari\u00bb, es la [&hellip;]<\/p>\n","protected":false},"author":1,"featured_media":107,"parent":0,"menu_order":0,"comment_status":"closed","ping_status":"open","template":"","meta":{"footnotes":""},"class_list":["post-2","page","type-page","status-publish","has-post-thumbnail","hentry"],"_links":{"self":[{"href":"https:\/\/seripigari.org\/index.php?rest_route=\/wp\/v2\/pages\/2","targetHints":{"allow":["GET"]}}],"collection":[{"href":"https:\/\/seripigari.org\/index.php?rest_route=\/wp\/v2\/pages"}],"about":[{"href":"https:\/\/seripigari.org\/index.php?rest_route=\/wp\/v2\/types\/page"}],"author":[{"embeddable":true,"href":"https:\/\/seripigari.org\/index.php?rest_route=\/wp\/v2\/users\/1"}],"replies":[{"embeddable":true,"href":"https:\/\/seripigari.org\/index.php?rest_route=%2Fwp%2Fv2%2Fcomments&post=2"}],"version-history":[{"count":7,"href":"https:\/\/seripigari.org\/index.php?rest_route=\/wp\/v2\/pages\/2\/revisions"}],"predecessor-version":[{"id":287,"href":"https:\/\/seripigari.org\/index.php?rest_route=\/wp\/v2\/pages\/2\/revisions\/287"}],"wp:featuredmedia":[{"embeddable":true,"href":"https:\/\/seripigari.org\/index.php?rest_route=\/wp\/v2\/media\/107"}],"wp:attachment":[{"href":"https:\/\/seripigari.org\/index.php?rest_route=%2Fwp%2Fv2%2Fmedia&parent=2"}],"curies":[{"name":"wp","href":"https:\/\/api.w.org\/{rel}","templated":true}]}}